 = o + 16. Suppose 0 = -l - 0*l + k. What are the prime factors of l?
2, 7
Let l be ((-38)/(-6))/((-2)/(-6)). Let x = l + -19. Suppose x = 7*j - 2*j - 200. List the prime factors of j.
2, 5
Suppose 4*d = -2*h - 566, -2*d - 273 = 4*h - 5*h. Let f = 407 + d. What are the prime factors of f?
2, 67
Let z(d) = d**3 - 5*d**2 - 7*d - 3. Let r be z(6). Let y = r - -23. List the prime factors of y.
2, 7
Let a = -1 - 5. List the prime factors of (1*a)/(11/(-77)).
2, 3, 7
Let k = -1843 + 3102. What are the prime factors of k?
1259
Let g(a) be the third derivative of -3*a**2 + 0*a + 0 - 7/6*a**3 - 1/8*a**4 + 1/120*a**6 + 11/60*a**5. What are the prime factors of g(-11)?
2, 13
Let x(b) = 2*b**2 - 7*b + 6. Let z be x(4). Suppose z*s = 12*s - 140. List the prime factors of s.
2, 5, 7
Suppose -4*d + 3336 = l, 3*d - 1066 = -3*l + 1427. What are the prime factors of d?
5, 167
Let j(a) = 26*a**3 - a**2 + a + 1. Let r be (-4)/(-2) + (3 - 4). List the prime factors of j(r).
3
Suppose -16*b + 12*b = -6188. List the prime factors of b.
7, 13, 17
Let r = 110 - 105. Suppose -r*d + 2*s + 80 + 183 = 0, -5*d + 243 = 3*s. List the prime factors of d.
3, 17
Let g be (-1)/(-4) + (2 - 46/(-8)). Let k = g - -18. What are the prime factors of k?
2, 13
Let d be 143/5 - 9/15. Suppose 15 = 3*j - 5*s - d, 4*j + s - 19 = 0. List the prime factors of 290/30 - (-2)/j.
2, 5
Suppose 5*q + 2 - 56 = -f, 48 = 4*q + 2*f. What are the prime factors of 2145/q + (-9)/6?
3, 71
Let d(w) = w**3 + 12*w**2 - 11*w + 29. Let k be d(-13). Suppose -k*h + 2*h - 4 = 0, 2*b - 40 = -5*h. What are the prime factors of b?
2, 3, 5
Let b be (2 + -3)/(6/(-12)). Suppose 0 = -4*j + 5*r + 539, -b*j + 4*r + 55 = -207. List the prime factors of j.
3, 47
Suppose 18*d = 4*d + 4970. What are the prime factors of d?
5, 71
Let f = 71 - 51. Suppose -19*v = -f*v + 67. List the prime factors of v.
67
Suppose 5*d - 2*x = -4515 + 12739, 3*d + 4*x - 4924 = 0. What are the prime factors of d?
2, 3, 137
Let k(b) = -20*b - 107. What are the prime factors of k(-9)?
73
Suppose 5564 = 10*u - 4176. What are the prime factors of u?
2, 487
Suppose -16 = 4*y - 0. What are the prime factors of (46/10 + y)/(2/310)?
3, 31
Let r be 7 + -3 - 1114/(-2). List the prime factors of r/11 - 4*1.
47
Suppose -4*o - 147 + 163 = 0. Suppose 0 = -2*j - 4*s + 438, -j + o*s + 132 = -81. What are the prime factors of j?
7, 31
Suppose c = 2*w + 2*c - 1180, -2*w + 2*c + 1186 = 0. What are the prime factors of w?
3, 197
Let x(t) = -4*t + 4 + 2*t + 2*t + t**2 - 4*t. Let o be x(4). Let n = 21 + o. List the prime factors of n.
5
Let k = 10 - 7. Suppose -102 = 3*o + k*o. Let j = 36 + o. List the prime factors of j.
19
Suppose 3 = 3*w, 5*h + 12*w - 6200 = 17*w. List the prime factors of h.
17, 73
Suppose -k - 5*j = -6*k + 4545, 4*j + 2729 = 3*k. What are the prime factors of k?
907
What are the prime factors of ((-510)/(-75))/((-1)/(-510)*1)?
2, 3, 17
Let g(d) = 7*d - 4*d - 9 + 6*d - d + 2*d**2. What are the prime factors of g(-6)?
3, 5
Let k(o) = 3*o - 10. Let p be k(5). Suppose -3*q + 194 = p*z, 3 = -q - 2*z + 66. What are the prime factors of q?
73
Suppose -18*h + 16*h + 1104 = 0. List the prime factors of h.
2, 3, 23
Let y(b) = 24*b - 4. Suppose -2*x + 4*u - 8*u = 20, -5*u - 10 = -5*x. Let p be y(x). Let n = p + 87. List the prime factors of n.
5, 7
Suppose -7*c = -3372 + 964. What are the prime factors of c?
2, 43
Let d(m) = 2*m**2 + m - 1. Let i be d(-1). Suppose 2*u - 8 = 0, k + i*u - 39 = -u. List the prime factors of k.
5, 7
Suppose 2*c = -3*g + 296, 2*g + 5*c = -8 + 220. Suppose r + 104 = 2*i - 0*r, r = -2*i + g. Suppose -3*v + 25 = -i. What are the prime factors of v?
5
Suppose -70 = -2*a + 26. Suppose 3*b + a = 6*b. What are the prime factors of b?
2
Let o be (-1)/3*(15 + -9). What are the prime factors of o/(-9) - (-410)/18?
23
Suppose 0 = -4*o + 19 - 3. Suppose -2*f + 8 = o. List the prime factors of f.
2
What are the prime factors of ((-6)/(-10))/((-53223)/(-13305) - 4)?
3, 887
Suppose 63*s = 23370 + 50844. List the prime factors of s.
2, 19, 31
Let v(n) = -n**3 - 4*n**2 + 12*n - 2. Let k be v(-6). What are the prime factors of 1*(-2 - k) - (-420)/4?
3, 5, 7
Let c = 43 - 22. Suppose m - 15 - c = 0. Let y = m - 20. List the prime factors of y.
2
Suppose 4*m = 4*o - 2*o + 28, -4*o - 36 = -4*m. Suppose m*y = -4*y + 513. What are the prime factors of y?
3, 19
Suppose 0 = q + 4 + 2. Let k be 18 + 5/(10/q). Suppose -5*z = 5*v - 160, -z + 49 - k = -v. List the prime factors of z.
3, 11
Let w(q) = q**3 - 6*q**2 + 5. Let j be w(6). Suppose 0*a = -z - 5*a + 17, 6 = 2*a. Suppose -3*c + c = j*u - 39, -z*c + 45 = -u. What are the prime factors of c?
2, 11
Suppose -773*g + 4572 = -770*g. List the prime factors of g.
2, 3, 127
Let r = 11 + 620. List the prime factors of r.
631
List the prime factors of (-4 + 442)*(3 + 14/(-6)).
2, 73
Let f be (0 + 34)*(-7)/(-2). Let j = 184 - f. What are the prime factors of j?
5, 13
Suppose -639 = -4*t - 5*c + 2360, 0 = 3*c + 15. What are the prime factors of t?
2, 3, 7
Suppose -12 = -4*b - 0*b. Suppose 4*s = -u + 2*u + 13, -b*s - u = -8. Suppose -5*i + s*q + 133 = -q, q + 2 = 0. What are the prime factors of i?
5
Suppose o = 10*o - 1008. Suppose u = o + 28. What are the prime factors of u?
2, 5, 7
Let k(o) = -3*o - 3*o - 2*o + 6*o + 4 + 4*o**2. Suppose -8 = -4*b - 3*u + 16, 3*u - 6 = 2*b. What are the prime factors of k(b)?
2, 17
Let o = -396 - -202. Let g = 314 + o. List the prime factors of g.
2, 3, 5
Suppose -o = 4*y + 4 + 14, 4*o = -y - 12. Let h(m) = -12*m - 4. Let u be h(o). List the prime factors of 65*((-8)/u - -1).
3, 13
Let g = -240 + 260. Let s = 48 + -21. Let h = s - g. What are the prime factors of h?
7
Suppose -3*l = 5*s + 3, -4*s = -3*l + 10 + 14. What are the prime factors of 25/(-10) - s - 537/(-6)?
2, 3, 5
Let u be 1 + 3/(-5) - 37352/(-70). Let l = u - 380. What are the prime factors of l?
2, 7, 11
Let d = 29 + -24. Suppose -3*o + d = 2*o. List the prime factors of 156/24 + o/2.
7
Let c(p) = 2*p - 1. Let v be c(2). What are the prime factors of 2/(-6) + 124/v?
41
Let s be -2*(-7 - -2)/10. Let q = 101 - s. What are the prime factors of q?
2, 5
Suppose 53 = 4*n - 31. Suppose 0 = -53*d + 52*d + n. What are the prime factors of d?
3, 7
Suppose -2*a + 10 = 0, 0 = -3*u + 2*a - 4*a - 53. Let m = u + 33. List the prime factors of m.
2, 3
Let f = 22 - 4. Let t = f - -16. Suppose 2*l - t = 12. List the prime factors of l.
23
Let y(l) = l - 7. Let f be y(11). Suppose f*m - q + 20 = 0, 2 = 5*m - 2*q + 30. Let s(x) = x**3 + 6*x**2 + 3*x + 1. List the prime factors of s(m).
3, 7
Suppose 1821 = 4*p - 3*s, 5*p - 4*p = -4*s + 460. What are the prime factors of p?
2, 3, 19
Let x(z) = -5*z + 460. What are the prime factors of x(0)?
2, 5, 23
Suppose 2*q - 14 = -5*z, -2*q + 4*z = -3*q + 13. Let j(x) = 7*x**2 - 4*x - 5. List the prime factors of j(q).
2, 5, 7
Let m(g) be the third derivative of g**6/180 + g**5/20 - g**4/12 - 2*g**3/3 - 5*g**2. Let p(d) be the first derivative of m(d). List the prime factors of p(3).
2, 17
Let h(l) = -3*l + 28. Let x be h(6). Let m = 70 + x. What are the prime factors of m?
2, 5
Let x(n) = -n - 1. Let v(t) = -27*t - 1. Let p(m) = v(m) + 4*x(m). Let d be p(2). Let f = 119 + d. List the prime factors of f.
2, 13
Let q(p) = p**3 + 12*p**2 + 11*p + 12. Let v be q(-11). Suppose v = -0*f + 4*f. Let a(c) = 2*c**3 - c**2 + c + 4. List the prime factors of a(f).
2, 13
List the prime factors of -4 + -1 + -1959*(-8)/24.
2, 3
Let w(y) = -y**2 - y - 7. Let b be w(-6). Let u = 27 + b. List the prime factors of (0 + -6)*u/3.
2, 5
Suppose 4*m + 5*y - 10 = 2, -4*y = -16. Let t be 5 + -3 + m + 1. List the prime factors of (1 + t)*15/2.
3, 5
List the prime factors of (-3780)/(-65) - (-8)/(-52).
2, 29
List the prime factors of 1662/5*-1*(-10)/4.
3, 277
List the prime factors of (8/10)/(-5*13/(-119275)).
2, 367
Suppose 0 = -55*o + 74*o - 26733. List the prime factors of o.
3, 7, 67
Let d = 76 + -106. Let z = 92 + d. List the prime factors of z.
2, 31
What are the prime factors of (13965/20)/1 + (-5)/20?
2, 349
Let m be (-1)/(2/(-34)) - 4. Let z = 54 - 26. Let d = z - m. List the prime factors of d.
3, 5
Let j(k) = 76*k**2 - 21*k + 10. List the prime factors of j(3).
631
Suppose 4*d = -5*m + m + 20, -5*m = 4*d - 15.